 -1683. Suppose -15*o = -20*o + d. What is the hundreds digit of o?
1
Suppose -8111 = 551*y - 552*y. What is the units digit of y?
1
Suppose 0 = 42*f - 7*f. Suppose f = 6*d - 3821 - 3169. What is the thousands digit of d?
1
Let o be (-20)/(-4) + -7 + -186. Let s = 297 + o. What is the hundreds digit of s?
1
Suppose 3*o + 5*c = 1482 + 95786, -2*o - 2*c = -64836. What is the hundreds digit of o?
4
What is the hundreds digit of (-36)/(-48) + (1149416/40)/(8/10)?
9
Let c(y) be the second derivative of -5*y**4/12 + 77*y**2/2 - y - 22. What is the tens digit of c(0)?
7
Suppose 0 = -40*i - 14*i. Suppose -4*a + 5*a = -5*q + 1237, -4*a + q + 4927 = i. What is the thousands digit of a?
1
Suppose -5*c = 168*w - 171*w + 25738, -3*c - 17158 = -2*w. What is the thousands digit of w?
8
Suppose -3*v = k - 5326, 44*k = 48*k - 4*v - 21368. What is the thousands digit of k?
5
Let u = 18773 + -13157. What is the units digit of u?
6
Suppose 0 = 7*g - 3*g - 180. Suppose -g = -15*d + 20*d. Let t(h) = 3*h**2 + 11*h. What is the tens digit of t(d)?
4
Suppose -218*s + 1170648 + 709602 = 0. What is the units digit of s?
5
Let h = 964 - 710. Suppose h = -5*z + 6804. What is the thousands digit of z?
1
Let p(y) = 15*y**3 + y**2 + 3*y + 4. Let o be p(-1). Let r(q) = 2*q**2 + 6*q + 4. What is the units digit of r(o)?
4
Let d(k) = k**2 - 9*k + 10. Let o be d(10). Suppose 0 = 11*q + o*q - 11346. What is the hundreds digit of q?
3
Suppose 14338 = 3*m - 2132. What is the tens digit of m?
9
Let h = 195 - -135. Let b = -97 - -99. Suppose h = -b*m + 5*m. What is the tens digit of m?
1
Suppose -121*n = -23*n - 467852. What is the thousands digit of n?
4
Let o(m) = 2*m**2 + 14*m + 168. Suppose 2*u = 2*w + 1 + 35, 4*u - 5*w = 72. What is the tens digit of o(u)?
6
Suppose 655*k = 684*k - 116. Suppose 0*m = -3*m + 2163. Suppose k*y - 713 = -3*l, 2*y - 5*l - m = -2*y. What is the hundreds digit of y?
1
Let t = 22 + -15. Let j(v) = t*v - 8*v - 3 - 1 - 11*v. What is the tens digit of j(-5)?
5
Let o(i) = -4 - 139*i**3 - 3*i**2 + 2 + 137*i**3 + 6*i**2. Let z be o(-1). Suppose -2*b + z*h = -168 + 45, b + h - 54 = 0. What is the units digit of b?
7
Let p be (-1)/(14/(-12))*2149. Suppose d + p = 4*d. What is the hundreds digit of d?
6
Let w(z) = -4*z + 21. Let p be w(6). Let a(n) = 5*n + 13. Let j be a(p). What is the units digit of j*(-267)/6 + 0?
9
Let b(h) = -2*h**2 + 13*h + 13. Let m be b(7). What is the tens digit of -106*11*m/(-12)?
8
Suppose -172 = m - 5*m. Suppose 3*t - 17 = 5*u + 8, m = 4*t + 3*u. Suppose t*r = 8*r + 190. What is the tens digit of r?
9
Let c(w) = -w - 9. Let a = 9 + -19. Let x be c(a). What is the units digit of 30/x - 9/(36/(-8))?
2
Let n(z) = 6*z**2 - 9*z + 7. Let s = -20 - -30. Suppose -u + s = u. What is the hundreds digit of n(u)?
1
Let o(l) = 14*l - 89. Let n be o(6). Let v(q) = -2*q**3 + 9*q**2 + 12*q + 13. What is the tens digit of v(n)?
2
Suppose -47 + 32 = 3*t. Let l be -21 + (t - 1 - -1). What is the hundreds digit of (-4)/(-26) - 4676/l?
1
Let s be (-175)/55 - (-4)/22. Let u be s/(-12) - (-5)/(-20). Suppose u = -7*d + 171 + 354. What is the units digit of d?
5
Let y be (-104)/130 - 49/(-5). Suppose 0 = y*s + 586 - 2143. What is the tens digit of s?
7
Let w = 6644 + -23. What is the hundreds digit of w?
6
Let p be (60/(-2))/((-2)/3). Let j = -12 + p. What is the tens digit of (-3 + 4)*j*1?
3
Suppose -7*a + 7 = -21. Suppose 6*d = -a + 16. Suppose -z - 5*w - 31 = -d*z, 0 = -5*z - w + 181. What is the units digit of z?
6
Let r(c) = -278*c - 834. What is the tens digit of r(-10)?
4
Suppose -3*t - 2*m - 18 = -72, 0 = -5*t + 4*m + 68. Suppose 11 = -a - 3*y, 3*y + t = -3*a + 1. What is the units digit of a*(-41 - 0)*(-69)/(-46)?
3
Suppose 6*g + 26631 - 42589 - 46046 = 0. What is the thousands digit of g?
0
Let u = 14557 - 7316. What is the units digit of u?
1
Let s be (-1 - -2)/(1/(-4 + 211)). Suppose 3*j = -j + r + 167, 3*r = 5*j - s. Suppose -44*l + j*l + 122 = 0. What is the tens digit of l?
6
Let u = -21 + 33. Suppose -9*g - u = -3*g. What is the tens digit of (-82)/(-7) + (24/(-14) - g)?
1
Let p(w) = -w**3 + 34*w**2 + 53*w - 145. Let c = 82 - 48. What is the tens digit of p(c)?
5
Suppose -f + 4*f - 3 = 0. Let y = f - -223. What is the hundreds digit of y?
2
Let c = -264 + 572. Let y = c - -360. What is the units digit of y?
8
Suppose 0 = j + 375 - 1145. Let f = -434 + j. Suppose 2*g - f = 4*l, -5*l = -g - 4*l + 164. What is the units digit of g?
0
Let t(c) = -2*c**3 - 21*c**2 + 11*c + 4. Let u be t(-11). What is the tens digit of ((-1319220)/(-49))/18 + u/14?
9
Let x(i) = 5*i**2 - 61*i + 14. Let w(v) = -v**2 + 12*v - 3. Let f(p) = 11*w(p) + 2*x(p). Let s be f(5). Let r = s - 13. What is the units digit of r?
7
Let a be (-282846)/(-340) - (2 - (-21)/(-10)). Suppose -7*o + 4073 = a. What is the units digit of o?
3
What is the hundreds digit of (-3065)/((406/(-56))/29)?
2
Suppose 4*a + 3*t - 8 = 0, t = -4*t. Suppose -5*z + a*l = -3738, 0 = 3*z - 7*z - 5*l + 2997. What is the units digit of z?
8
Let n be -21*(8/6 + -2 + 0). Suppose -4 = -2*t + n. Let r = 109 + t. What is the units digit of r?
8
Let o(y) = -2*y**3 + 186*y**2 - 328*y - 58. What is the hundreds digit of o(91)?
2
Suppose 34*a + 196 = 48*a. Let k(f) = -f**2 + f + 385. Let t be k(0). Suppose 9*m = a*m - t. What is the tens digit of m?
7
Let f = -21269 - -36278. What is the ten thousands digit of f?
1
Let t = 216 + 55. Let j be (2/4)/(33/4290). Let y = t - j. What is the units digit of y?
6
Suppose -x + 545 = 5*v - 1107, 5*x + 3*v = 8370. What is the tens digit of x?
7
Let o(k) = -16*k**3 + 4*k**2 + 24*k - 2. What is the tens digit of o(-6)?
5
What is the units digit of ((-121)/(-3))/(6*6/5076)?
7
What is the ten thousands digit of 235*(12684/35 + 1)?
8
Let t be (-3)/(-5)*10/8*4. Suppose -t*g + 2492 = j + 369, -2*g - 3*j = -1427. What is the units digit of g?
6
Suppose 0 = -3*a + 3 + 6. Suppose a*y = -5*y + 16. Suppose y*w - 102 = 2*j, j - 1 = 1. What is the tens digit of w?
5
Let u(z) = z**2 + z + 19. Suppose 2*m - x = -46, -3*m + 4*x = -0*m + 79. Let t be u(m). Suppose 0 = -15*i + 71 + t. What is the tens digit of i?
3
Let k(w) = -w**3 - 2*w**2 - 2*w - 49. What is the tens digit of k(-19)?
2
Suppose 2*j + 141 = -5*y, y + 2*y + 93 = 3*j. Let s = y + 5. Let r = 20 - s. What is the units digit of r?
4
Let v(o) = o**3 - 6*o**2 + 6*o. Let s be v(5). Let d(q) = 17*q + 7. Let h be d(-9). What is the tens digit of (h/2)/((-5)/s)?
7
Let p(n) = n**2 - 4*n + 5. Let h be p(0). Suppose -7*z = -h*z - c - 1259, -z - 5*c + 635 = 0. Suppose 4*l = -5*l + z. What is the units digit of l?
0
Let q = -90 + 90. Let k = q + 25. Suppose -k = 6*r - 427. What is the units digit of r?
7
Suppose -d + 42 = -5*u, 0 = -3*u - 2*d + d - 22. Let w be (2 + u)/(-1*3). Suppose 0 = -5*n - 4*b + 223, -b - 3*b - 78 = -w*n. What is the units digit of n?
3
Suppose 0 = -2*d - 44 + 24. Let g(q) = -2*q - 20. Let x be g(d). Suppose -8*z - 8*z + 576 = x. What is the units digit of z?
6
Let h = 1103 + 4028. What is the units digit of h?
1
Let s(p) = -128*p**3 + 35*p**2 + 141*p - 30. What is the thousands digit of s(-8)?
6
Let o(q) = 2*q**2 - 8*q**2 + 5*q**2 + 3 - 2 + 3*q. Let n be o(2). Suppose n*r + 0*r - 225 = 0. What is the tens digit of r?
7
Let o be 72/33 - (-2)/(-11). Suppose -o*d - 40 = 2*d. Let v(c) = c**2 - 13*c - 12. What is the tens digit of v(d)?
1
Let a = 550 - 1028. Let s be (-11360)/38 - 195/3705. Let v = s - a. What is the tens digit of v?
7
Suppose -2*j - 7 = -3*u, -21*j + 25*j - 7 = -u. Suppose u*n - q - 558 - 419 = 0, 0 = n - 4*q - 322. What is the hundreds digit of n?
3
Let l = -17278 + 25738. What is the hundreds digit of l?
4
Suppose 594 = -19*r + 37*r. What is the tens digit of 14/4*6*22/r?
1
Let g(i) = -546*i + 85. Let y be g(-2). Suppose -2*h = -y - 353. What is the units digit of h?
5
Let y = -7276 + 10533. Let g = y - 2082. What is the units digit of g?
5
Let n(k) = -23*k**3 - 2*k**2 - 5*k - 5. Let d(x) = -2*x**2 + 40*x + 40. Let o be d(21). What is the units digit of n(o)?
1
Let n = -20 - -24. Suppose 0 = n*o + 16, 8 = 3*b - 3*o + o. Suppose s - 175 = -b*s + 3*f, -s + 189 = 4*f. What is the units digit of s?
1
Let n = 5449 - -3542. What is the units digit of n?
1
Suppose 11*k - 270532 = -14650. What is the thousands 